the prime factors of 34?
2, 17
What are the prime factors of 102318?
2, 3, 17053
What are the prime factors of 1641?
3, 547
List the prime factors of 4173.
3, 13, 107
List the prime factors of 58528.
2, 31, 59
List the prime factors of 118156.
2, 109, 271
What are the prime factors of 843?
3, 281
What are the prime factors of 12886?
2, 17, 379
What are the prime factors of 20763?
3, 769
What are the prime factors of 3378?
2, 3, 563
List the prime factors of 114359.
7, 17, 31
List the prime factors of 16840.
2, 5, 421
What are the prime factors of 11079?
3, 1231
List the prime factors of 534.
2, 3, 89
What are the prime factors of 302?
2, 151
What are the prime factors of 5538?
2, 3, 13, 71
What are the prime factors of 14016?
2, 3, 73
List the prime factors of 21734.
2, 10867
List the prime factors of 8557.
43, 199
List the prime factors of 52912.
2, 3307
List the prime factors of 9202.
2, 43, 107
What are the prime factors of 4475?
5, 179
What are the prime factors of 277?
277
What are the prime factors of 298?
2, 149
What are the prime factors of 163725?
3, 5, 37, 59
List the prime factors of 1942.
2, 971
List the prime factors of 942.
2, 3, 157
What are the prime factors of 27269?
11, 37, 67
List the prime factors of 61.
61
What are the prime factors of 350?
2, 5, 7
List the prime factors of 18359.
11, 1669
List the prime factors of 22966.
2, 11483
What are the prime factors of 1143?
3, 127
List the prime factors of 242.
2, 11
List the prime factors of 1282.
2, 641
What are the prime factors of 116?
2, 29
What are the prime factors of 927?
3, 103
What are the prime factors of 651?
3, 7, 31
What are the prime factors of 1210?
2, 5, 11
List the prime factors of 5205.
3, 5, 347
What are the prime factors of 1200?
2, 3, 5
List the prime factors of 4156.
2, 1039
What are the prime factors of 11952?
2, 3, 83
List the prime factors of 5039.
5039
List the prime factors of 77032.
2, 9629
List the prime factors of 40706.
2, 20353
List the prime factors of 994.
2, 7, 71
What are the prime factors of 17832?
2, 3, 743
List the prime factors of 3715.
5, 743
List the prime factors of 4719.
3, 11, 13
What are the prime factors of 2687?
2687
List the prime factors of 13792.
2, 431
What are the prime factors of 26859?
3, 7, 1279
What are the prime factors of 481?
13, 37
What are the prime factors of 37691?
37691
What are the prime factors of 12085?
5, 2417
List the prime factors of 12266.
2, 6133
What are the prime factors of 3103?
29, 107
List the prime factors of 4399.
53, 83
What are the prime factors of 600?
2, 3, 5
List the prime factors of 10010.
2, 5, 7, 11, 13
What are the prime factors of 2750?
2, 5, 11
What are the prime factors of 842?
2, 421
List the prime factors of 36048.
2, 3, 751
What are the prime factors of 15780?
2, 3, 5, 263
What are the prime factors of 39945?
3, 5, 2663
What are the prime factors of 19448?
2, 11, 13, 17
What are the prime factors of 24519?
3, 11, 743
What are the prime factors of 6914?
2, 3457
What are the prime factors of 3577?
7, 73
List the prime factors of 400.
2, 5
List the prime factors of 975.
3, 5, 13
List the prime factors of 45497.
45497
List the prime factors of 26630.
2, 5, 2663
What are the prime factors of 785?
5, 157
What are the prime factors of 3410?
2, 5, 11, 31
What are the prime factors of 51793?
7, 151
What are the prime factors of 3828?
2, 3, 11, 29
List the prime factors of 769.
769
What are the prime factors of 1870?
2, 5, 11, 17
List the prime factors of 20559.
3, 7, 11, 89
List the prime factors of 509.
509
What are the prime factors of 8993?
17, 23
List the prime factors of 2009.
7, 41
List the prime factors of 982.
2, 491
What are the prime factors of 18361?
7, 43, 61
List the prime factors of 1700.
2, 5, 17
What are the prime factors of 2275?
5, 7, 13
List the prime factors of 28624.
2, 1789
List the prime factors of 4480.
2, 5, 7
List the prime factors of 95565.
3, 5, 23, 277
What are the prime factors of 13792?
2, 431
What are the prime factors of 1183?
7, 13
List the prime factors of 782.
2, 17, 23
List the prime factors of 1182.
2, 3, 197
What are the prime factors of 3662?
2, 1831
List the prime factors of 22538.
2, 59, 191
What are the prime factors of 4658?
2, 17, 137
What are the prime factors of 48087?
3, 13, 137
List the prime factors of 3903.
3, 1301
List the prime factors of 5018.
2, 13, 193
What are the prime factors of 16303?
7, 17, 137
List the prime factors of 48048.
2, 3, 7, 11, 13
What are the prime factors of 8331?
3, 2777
List the prime factors of 55606.
2, 27803
List the prime factors of 27649.
43, 643
List the prime factors of 171041.
13, 59, 223
What are the prime factors of 2958?
2, 3, 17, 29
List the prime factors of 13758.
2, 3, 2293
What are the prime factors of 561?
3, 11, 17
List the prime factors of 51961.
7, 13, 571
List the prime factors of 20295.
3, 5, 11, 41
List the prime factors of 717.
3, 239
List the prime factors of 101.
101
What are the prime factors of 11359?
37, 307
List the prime factors of 86.
2, 43
List the prime factors of 7544.
2, 23, 41
What are the prime factors of 177179?
53, 3343
List the prime factors of 83667.
3, 167
What are the prime factors of 548?
2, 137
List the prime factors of 185.
5, 37
List the prime factors of 7136.
2, 223
What are the prime factors of 407?
11, 37
What are the prime factors of 709?
709
List the prime factors of 27031.
27031
What are the prime factors of 889?
7, 127
List the prime factors of 935.
5, 11, 17
What are the prime factors of 169687?
7, 3463
What are the prime factors of 44074?
2, 22037
List the prime factors of 7400.
2, 5, 37
What are the prime factors of 129191?
23, 41, 137
What are the prime factors of 865?
5, 173
What are the prime factors of 13254?
2, 3, 47
What are the prime factors of 27179?
27179
What are the prime factors of 3768?
2, 3, 157
List the prime factors of 14.
2, 7
What are the prime factors of 10332?
2, 3, 7, 41
List the prime factors of 1745.
5, 349
What are the prime factors of 547?
547
List the prime factors of 4055.
5, 811
What are the prime factors of 2967?
3, 23, 43
What are the prime factors of 1011?
3, 337
What are the prime factors of 2628?
2, 3, 73
What are the prime factors of 8437?
11, 13, 59
What are the prime factors of 110?
2, 5, 11
List the prime factors of 733.
733
List the prime factors of 288.
2, 3
List the prime factors of 4377.
3, 1459
What are the prime factors of 680?
2, 5, 17
List the prime factors of 61084.
2, 15271
What are the prime factors of 2330?
2, 5, 233
What are the prime factors of 315?
3, 5, 7
What are the prime factors of 1207?
17, 71
What are the prime factors of 2101?
11, 191
What are the prime factors of 2578?
2, 1289
List the prime factors of 27894.
2, 3, 4649
What are the prime factors of 54204?
2, 3, 4517
List the prime factors of 4078.
2, 2039
List the prime factors of 14290.
2, 5, 1429
What are the prime factors of 29678?
2, 11, 19, 71
List the prime factors of 28485.
3, 5, 211
What are the prime factors of 117448?
2, 53, 277
What are the prime factors of 5044?
2, 13, 97
List the prime factors of 312.
2, 3, 13
List the prime factors of 8554.
2, 7, 13, 47
What are the prime factors of 1655?
5, 331
What are the prime factors of 57592?
2, 23, 313
List the prime factors of 176082.
2, 3, 29347
List the prime factors of 1176.
2, 3, 7
List the prime factors of 3588.
2, 3, 13, 23
List the prime factors of 2404.
2, 601
List the prime factors of 23841.
3, 883
What are the prime factors of 15314?
2, 13, 19, 31
List the prime factors of 19011.
3, 6337
List the prime factors of 3638.
2, 17, 107
List the prime factors of 27741.
3, 7, 1321
What are the prime factors of 1051?
1051
What are the prime factors of 336?
2, 3, 7
List the prime factors of 59573.
41, 1453
List the prime factors of 841.
29
What are the prime factors of 3624?
2, 3, 151
What are the prime factors of 16189?
16189
What are the prime factors of 5421?
3, 13, 139
What are the prime factors of 41682?
2, 3, 6947
What are the prime factors of 51471?
3, 7, 19, 43
List the prime factors of 3988.
2, 997
What are the prime factors of 7656?
2, 3, 11, 29
List the prime factors of 583.
11, 53
What are the prime factors of 458?
2, 229
List the prime factors of 719.
719
List the prime factors of 